{"id":115,"date":"2020-03-31T22:16:41","date_gmt":"2020-03-31T20:16:41","guid":{"rendered":"http:\/\/eval.drk-ochtendung.de\/?page_id=115"},"modified":"2020-04-02T15:48:38","modified_gmt":"2020-04-02T13:48:38","slug":"foerderndes-mitglied","status":"publish","type":"page","link":"https:\/\/drk-ochtendung.de\/?page_id=115","title":{"rendered":"F\u00f6rderndes Mitglied"},"content":{"rendered":"\n<p>Als f\u00f6rderndes Mitglied unterst\u00fctzen Sie nicht nur die weltweite Arbeit des Roten Kreuz,<br>sondern auch unseren Ortsverein direkt vor ihrer Haust\u00fcr.<\/p>\n\n\n\n<p>Ab einem Mindestbeitrag von 18 Euro pro Jahr erhalten Sie:<\/p>\n\n\n\n<ul class=\"wp-block-list\"><li>eine kostenlose Schl\u00fcsselschutz-Plakette.<\/li><li>einen bodengebundener R\u00fcckholdienst innerhalb Deutschlands<\/li><li>den DRK Flugdienst (mehr Informationen finden sie hier)<\/li><\/ul>\n\n\n\n<p>Zus\u00e4tzlich werden sie kostenlos viermal im Jahr mit der Zeitschrift \u201eretten und helfen\u201c<br>\u00fcber die Arbeit des DRK und damit \u00fcber die Verwendung Ihrer Spendengelder informiert.<\/p>\n\n\n\n<p>Weitere Informationen erhalten Sie <a rel=\"noreferrer noopener\" href=\"https:\/\/www.drk.de\/mitwirken\/mitglied-werden\/\" target=\"_blank\">hier.<\/a><\/p>\n","protected":false},"excerpt":{"rendered":"<p>Als f\u00f6rderndes Mitglied unterst\u00fctzen Sie nicht nur die weltweite Arbeit des Roten Kreuz,sondern auch unseren Ortsverein direkt vor ihrer Haust\u00fcr. Ab einem Mindestbeitrag von 18 Euro pro Jahr erhalten Sie: eine kostenlose Schl\u00fcsselschutz-Plakette. einen bodengebundener R\u00fcckholdienst innerhalb Deutschlands den DRK Flugdienst (mehr Informationen finden sie hier) Zus\u00e4tzlich werden sie kostenlos viermal im Jahr mit der &hellip; <\/p>\n<p class=\"link-more\"><a href=\"https:\/\/drk-ochtendung.de\/?page_id=115\" class=\"more-link\"><span class=\"screen-reader-text\">\u201eF\u00f6rderndes Mitglied\u201c <\/span>weiterlesen<\/a><\/p>\n","protected":false},"author":1,"featured_media":0,"parent":0,"menu_order":0,"comment_status":"closed","ping_status":"closed","template":"","meta":{"footnotes":""},"class_list":["post-115","page","type-page","status-publish","hentry"],"_links":{"self":[{"href":"https:\/\/drk-ochtendung.de\/index.php?rest_route=\/wp\/v2\/pages\/115","targetHints":{"allow":["GET"]}}],"collection":[{"href":"https:\/\/drk-ochtendung.de\/index.php?rest_route=\/wp\/v2\/pages"}],"about":[{"href":"https:\/\/drk-ochtendung.de\/index.php?rest_route=\/wp\/v2\/types\/page"}],"author":[{"embeddable":true,"href":"https:\/\/drk-ochtendung.de\/index.php?rest_route=\/wp\/v2\/users\/1"}],"replies":[{"embeddable":true,"href":"https:\/\/drk-ochtendung.de\/index.php?rest_route=%2Fwp%2Fv2%2Fcomments&post=115"}],"version-history":[{"count":3,"href":"https:\/\/drk-ochtendung.de\/index.php?rest_route=\/wp\/v2\/pages\/115\/revisions"}],"predecessor-version":[{"id":163,"href":"https:\/\/drk-ochtendung.de\/index.php?rest_route=\/wp\/v2\/pages\/115\/revisions\/163"}],"wp:attachment":[{"href":"https:\/\/drk-ochtendung.de\/index.php?rest_route=%2Fwp%2Fv2%2Fmedia&parent=115"}],"curies":[{"name":"wp","href":"https:\/\/api.w.org\/{rel}","templated":true}]}}